Let p be (-8)/(-16)*(-2 - -2). Let c be 1 + p - (-1 - 3). Let m be (-12)/(-32) - c/(-8). Give l(m).
10
Let c be (1 + (4 - 4))/((-1)/4). Let s(v) = v**2 + 6*v + 3. Give s(c).
-5
Let h(u) = -5*u + 3. Suppose 0 = 3*d + 4*r + 6, -3*r = -0*d - d + 11. Let i(g) = 3*g - 3. Let y be i(d). What is h(y)?
-12
Suppose -z + 5 = -4*c, 0 = -3*z + z + 3*c + 5. Let h(q) = 2*q + 5*q + 0*q - z - 8*q. Give h(-6).
5
Let r(b) = -1 + b**3 - 622*b + 619*b + 5 + 2*b**2. Determine r(2).
14
Let i(k) be the third derivative of -k**5/60 - 7*k**4/24 + k**3/2 - 155*k**2. Calculate i(-7).
3
Let k = -939 - -934. Let j(a) = -3*a + 2 - 3 + 2*a. Determine j(k).
4
Let g(q) be the third derivative of -1/20*q**5 + 0*q**3 + 0*q + 7*q**2 + 1/40*q**6 + 0 + 1/8*q**4. Determine g(2).
18
Let h = 1842 + -775. Let g(t) = -h + 1065 - 3*t + 0*t - 4*t**2. Calculate g(-2).
-12
Let t = 17 - 14. Let v(n) = 7*n - 3*n**3 + n - n**2 - 7*n - 1 - 2*n**t. Let p be (-1)/2*(-4)/2. What is v(p)?
-6
Let q(h) be the second derivative of h**4/4 + h**3/3 + 3*h**2/2 + 76*h - 2. Calculate q(-4).
43
Let g be 4 + ((-120)/(-2))/5. Let d = 25 - g. Let w(t) = 8 - 9*t + d*t - t**3 + 0 - 6*t**2. Give w(-6).
8
Let z(g) = 4*g**3 - 6*g**3 + 3*g**3 + 5*g - 6 - 2*g**3 + 4*g**2. Let j = 397 - 392. What is z(j)?
-6
Let d(m) = -m**2 + 4*m - 10. Let t be -21*(24/18)/(-4). Give d(t).
-31
Let s(q) = q. Let u(v) = -3*v + 7. Let o(a) = -4*s(a) - u(a). Suppose 13*y - 1301 = -235. Let k = y + -82. What is o(k)?
-7
Let j = 48 - 25. Suppose 4*h + 54 + 38 = 0. Let z = j + h. Let x(i) = -i. Determine x(z).
0
Let j(s) = 15*s + 1. Suppose -2*v - 3*i - 46 = -65, -29 = -2*v - 5*i. Calculate j(v).
31
Let o(w) = w + 2. Let i(a) = 11*a + 8. Let t = 41 + -47. Let q(r) = t*o(r) + i(r). Give q(6).
26
Let l(u) = -2*u - 7. Let o(p) = -13*p - 85. Let r be o(-6). Calculate l(r).
7
Suppose 22 + 1 = 3*i - 2*b, -12 = 3*b. Let n be 0 + i/(-10) - 22/(-4). Let h(m) = m**3 - 4*m**2 - 4*m + 1. Determine h(n).
6
Suppose -7 - 129 = 17*c. Let w(n) = -n**2 - 4*n + 28. Give w(c).
-4
Let y = 1161 - 1173. Let l(w) = -w**2 - 14*w - 21. What is l(y)?
3
Let s(t) = t**3 - 2*t**2 + 3*t + 1. Let p be s(3). Let a(i) = i**2 + 3*i - p*i + 4*i - 11 + 11*i. Give a(0).
-11
Let q(f) = f**3 - 494 - 8*f**2 + 6*f + 7*f + 486. What is q(6)?
-2
Let h(y) be the first derivative of y**3/3 + y**2/2 - 7*y - 24. Determine h(0).
-7
Let q(d) = -d - 4. Let i be q(-6). Suppose 0*j = 3*j - 12. Let u(r) = 3*r + 1 - j*r + 1. What is u(i)?
0
Suppose 4*p + 27 = 3. Let h be (3 - 1)/(3/p). Let x(u) = -2*u - 4. Give x(h).
4
Let d(y) = 4*y - 19. Let g be (-2)/(-10) + (8 - 80/25). Determine d(g).
1
Let r(s) = -2*s + 7. Let f be 7 - (-7 - -3)/(-1). Suppose -2*v + 14 = -m - 3*m, 3*v + f*m - 12 = 0. Suppose -14 = -5*b + u + 22, v = -5*u. What is r(b)?
-7
Let d = -25 + 24. Let o = d + 17. Let b = -14 + o. Let c(x) = -4*x - 2. What is c(b)?
-10
Let f(t) = 53*t - 1. Let w(v) = v**2 - 8*v - 10. Let a be w(9). Give f(a).
-54
Let o(z) be the second derivative of -z**5/20 + 5*z**4/12 + z**3/2 + z**2 - 4*z + 9. Give o(3).
29
Let g(n) be the first derivative of n**5/15 - n**4/24 - 2*n**2 - 8. Let o(i) be the second derivative of g(i). Calculate o(-1).
5
Let a = -113 + 117. Let p(i) = 7*i + a*i + 4*i**2 + i**3 + 6 - 7*i. Calculate p(-4).
-10
Let o = 1119 + -1132. Let z(h) = -h**3 - 13*h**2 - h - 16. Calculate z(o).
-3
Let g(z) = -z**2 + z. Let s(p) = p**3 + 3*p**2 - 10*p - 1. Let i = 11 + -16. Let n be s(i). Give g(n).
-2
Let c(u) be the first derivative of -1/3*u**3 + 2*u**2 - 12 + 2*u. Give c(3).
5
Let n = 6 - 0. Let p(m) = -m. What is p(n)?
-6
Let n(y) be the second derivative of y**3/6 + 11*y**2/2 - 2*y - 15. Give n(-6).
5
Let p(y) = y - 4. Let z(n) = 6*n - 19. Let x(h) = -11*p(h) + 2*z(h). Calculate x(0).
6
Let h = 11 + -8. Suppose -2 + h = s. Suppose 2*z - s = -9. Let x(t) = -t - 7. What is x(z)?
-3
Suppose 6 = 5*l - x, -4*l + 5*l = -3*x + 14. Let w = 6 - -2. Suppose 2*f + w = -l*f. Let p(j) = j**3 - j**2 + 2. Calculate p(f).
-10
Let v(q) = -8*q**3 + 5*q**2 - 5*q + 5. Let l(b) = 15*b**3 - 9*b**2 + 9*b - 9. Let f(p) = -6*l(p) - 11*v(p). Suppose 3*m + 3 = -3. What is f(m)?
9
Let v(l) = -2*l - 10. Suppose 2*b - 167 = -157. Determine v(b).
-20
Let k(p) = 2*p**2 + 6*p + 7. Let f be (-4)/12 - (-50)/(-30). Calculate k(f).
3
Let t(f) = f**3 - f**2 - 3*f - 3. Let a(n) = n**3 - 6*n**2 - 15*n. Let w be a(-2). Determine t(w).
-9
Let x(t) = -6*t**2 - 2*t + 1. Let z(h) = -11*h**2 - 5*h + 3. Let d(c) = c**2 - 8*c + 2. Let y be d(7). Let m(v) = y*x(v) + 2*z(v). What is m(1)?
9
Suppose 0*f - 60 = -3*i + f, -5*i = -2*f - 101. Let y(k) = 2 - i*k - 3 + 35*k - 18*k. What is y(-6)?
11
Let j be 1 + 3 - (-6)/(-3). Let q = j - 0. Let o(l) = -2*l**3 - 2 - q + 3 + l**3 - 2*l**2. What is o(-3)?
8
Let s(k) = k**3 + 2*k**2 + 2. Let d = -25 - -25. Suppose m + d*m - 8 = -4*a, 4*m - 13 = 3*a. Suppose 7 = -3*c + a. Determine s(c).
2
Let b(f) = -f**3 - 2*f**2 + 3*f + 4. Suppose -6*z + z = -4*s - 70, 3*z + 46 = -2*s. Let y be 5/(-75)*-5 + s/6. Calculate b(y).
4
Let t(i) be the third derivative of i**6/120 - 2*i**5/15 - i**4/24 + 3*i**3/2 + 3*i**2 - 15*i. What is t(8)?
1
Let t(p) = -p - 1. Let o(z) = -z**3 - z**2 - 5*z - 3. Let a(v) = -o(v) + 3*t(v). Let r(g) = 4*g**2 - 24*g - 2. Let u be r(6). Give a(u).
-8
Let l be 10*-2*((-12)/6)/(-4). Let z(y) = -y**3 - 8*y**2 + 20*y + 7. Determine z(l).
7
Suppose 6*z - 8 = 4. Let v be 7 - 1/z*4. Let o(h) = -h**3 + 4*h**2 + 3*h + 6. Calculate o(v).
-4
Let b(y) = -2*y**2 + 2*y + 1. Suppose -12*k = 16 - 40. What is b(k)?
-3
Let g(u) be the second derivative of u**5/20 + 2*u**4/3 - 2*u**3 - 13*u**2/2 + 114*u. Give g(-9).
14
Let b(j) = -3*j**2 + 2*j. Let z(w) = 2*w**2 + 15*w - 6. Let c(f) = -f - 1. Let t be c(7). Let l be z(t). Calculate b(l).
-8
Let a(h) = 1. Let c(l) = 2*l + 6. Let x(j) = -6*a(j) + c(j). Let r be x(1). Let b(t) = -6*t**2 + 2*t**2 + 0*t**2 - 3 + 3*t**r + 4*t. Determine b(4).
-3
Let f(y) = -y**3 + 4*y**2 + 3*y - 4. Let z be (-6)/(-4) + 1/(-2) - 28. Let m = -23 - z. Determine f(m).
8
Let q(l) be the third derivative of l**5/20 - 7*l**4/24 + l**3/2 + 138*l**2. Determine q(6).
69
Suppose 0*d + d - 1 = 0. Let c(s) be the first derivative of -s - 1/3*s**3 - 9 + s**2. Calculate c(d).
0
Let a(q) = -q. Suppose 5 = -4*o + 3*o - 5*k, -4*o - 84 = 4*k. Let f = o - -31. Give a(f).
-6
Let n(z) be the second derivative of z**5/20 + 5*z**4/6 + 7*z**3/6 + 3*z**2 + 6*z + 2. Determine n(-9).
24
Let l(c) = -5*c**2 - 5 + 4 + 3*c**2 + c + c**3. Let w(z) = -21*z + 65. Let o be w(3). Give l(o).
1
Let v(l) = l**2 - 3*l - 7. Let a = 35 + -31. Suppose -a*i + 3*i + 6 = 0. Determine v(i).
11
Let i(t) = -2*t + 4 - 20 - 2. Calculate i(-11).
4
Let z = -30 + 34. Suppose z*w + 5 + 7 = 0. Let v(c) = -c**3 - 3*c**2 + 2*c - 4. Give v(w).
-10
Let b be ((-2)/12 + 4/24)/2. Suppose b = -2*v + 7 + 5. Let q(z) = -z**3 + 6*z**2 - 3*z + 8. Determine q(v).
-10
Let d(s) be the first derivative of 8*s**3/3 - s**2/2 + s + 363. Give d(1).
8
Let h(j) = 7*j**2 - 10*j - 13. Let l(k) = -2*k**2 - k + 1. Let g(n) = -h(n) - 4*l(n). What is g(-14)?
9
Suppose -2*n - 3*a = 2*a + 14, 2*a = 2*n. Let k(r) be the third derivative of r**5/60 - r**4/12 - 3*r**2. Calculate k(n).
8
Suppose -4*v - s = -1, 3*v - 5*s + 6 - 1 = 0. Suppose v = -2*a - 2*a + 12. Suppose -b + 12 = -a*g, b + 4*g + 0 = -16. Let f(k) = k**2 + 3. Give f(b).
3
Let l(a) = -11*a**2 - 8*a + 2. Let t(y) = 9*y**2 + 7*y - 2. Let x(j) = -4*l(j) - 5*t(j). Determine x(-5).
-8
Let f(d) be the first derivative of -d**2/2 - 6*d + 16821. Let l(s) = -2*s**3 + 3*s**2 - s + 2. Let t be l(2). What is f(t)?
-2
Let c(r) = -3*r - 1. Let p = -775 - -772. Give c(p).
8
Let t(h) = 2*h + 5. Let s(v) be the first derivative of -v**4/4 + v**3 + 2*v**2 + v + 4. Let m be s(3). Suppose 0 = 3*q + 5 + m. Calculate t(q).
-7
Let b(o) = -o - 4. Suppose 4*j + 0*j - 6 = -2*m, 0 = j - 5*m - 29. Let z be (13 + -28)*j/30*3. What is b(z)?
2
Suppose -i - 4*i = 3*g - 47, 0 = -4*g - i + 40. Let t(q) = q**2 - 10*q - 11. Give t(g).
-20
Let k(o) be the second derivative of o**3/6 - 9*o**2/2 + 28*o. Give k(4).
-5
Let x(k) = -1. Let s = -120 + 119. Let g(l) be the third derivative of l**4/12 - l**3/2 - l**2. Let n(q) = s*g(q) + 2*x(q). What is n(5)?
-9
Let c(t) = t**2 - 5*t - 2. Let w(k) = k**3 + 3*k. Let s be w(3). Let g be (3/(-2)